. Calculate the remainder when f(w) is divided by 11.
10
Suppose 5*t - t - 32 = 0. Calculate the remainder when 21 is divided by t.
5
Let q = 58 - 36. Let h = q + -11. Calculate the remainder when 43 is divided by h.
10
Suppose r - 5*r + 40 = 0. Let n = -10 - -13. Suppose -15 = n*h, -186 = -3*q - h - 77. Calculate the remainder when q is divided by r.
8
Let z = -2 - -2. Suppose -7*v + 2*v = 2*k - 73, -3*v + 9 = z. Suppose -3*f = 2*f - 50. Calculate the remainder when k is divided by f.
9
Let x be (25/10)/((-2)/(-24)). Calculate the remainder when 93 is divided by (0 + 60)*12/x.
21
Calculate the remainder when 51 is divided by 0 - -29 - (-3 - -5).
24
Suppose 17 = -4*v - r, 5*v - 2*r + 4 = -14. What is the remainder when v/10 - 304/(-10) is divided by 16?
14
Let y(m) = -m**2 + 8*m + 11. Let q be y(8). Suppose -2*f = -0*f - 5*l - 50, l - q = -f. What is the remainder when f is divided by 4?
3
Let d be (-1 + -1)*1 - -2. Suppose -4*v + 20 = -d*v. Let u = 586 - 582. Calculate the remainder when v is divided by u.
1
Suppose 0 = -0*r - 4*r. Suppose r = h + 2*h - 159. Calculate the remainder when h is divided by 14.
11
Let p = 42 - 16. What is the remainder when p is divided by 8?
2
Suppose 0 = -4*v - 3 + 27. Suppose -11*z + 35 = -v*z. Calculate the remainder when 20 is divided by z.
6
Suppose 3*h = 4*l - 55, 2*l - h + 35 = 4*l. Suppose -5 = 3*q - f, -4*q + 5*f + 3 = 6. What is the remainder when 30*(q + 1)*-1 is divided by l?
14
Let s = 1 - -3. Let f(i) = i**2 - 5*i - 3. Let b be f(s). Let c = 12 + b. Calculate the remainder when 17 is divided by c.
2
Let h be (-2)/3*6/(-4). Suppose h - 7 = -u. What is the remainder when (-45)/(-3) - -2*1 is divided by u?
5
Let o be 94/6 - 1/(-3). Suppose o = -v + 5*v. What is the remainder when v is divided by 2?
0
Suppose 4*f - 1 = 3*v, 5*f = -5*v + 2*v + 35. Calculate the remainder when f is divided by 3.
1
Let p(u) = u**2 - 14*u - 35. What is the remainder when p(19) is divided by 16?
12
Suppose -11*b + 5 = -50. Calculate the remainder when 12 is divided by b.
2
Suppose 3*i = 4*k + 35 + 11, -2*i + 3*k + 30 = 0. Let r = 56 + -22. What is the remainder when r is divided by i?
16
Calculate the remainder when 25 is divided by -4 - -2*(-33)/(-6).
4
Suppose 4*q = -q + 140. Suppose -5*l - 1 = 9. Let v(a) = 4*a**2 + 4*a + 2. What is the remainder when q is divided by v(l)?
8
Suppose -3 = 2*t - 7. Suppose -t*p + 4*u = -182, 0*p + p + 4*u = 97. What is the remainder when p is divided by 24?
21
Suppose -8 = -5*z - 2*j, -7 = z - 4*z + j. Suppose -4 = 4*m, -50 = -5*t - 4*m + 46. Calculate the remainder when t is divided by 12/18*33/z.
9
Suppose 0*v - v + 11 = 0. Suppose 0 = 2*f - 15 - v. Calculate the remainder when f is divided by 7.
6
Let c be -3 + 1/(1/113). Suppose -3*o + 1 = -c. What is the remainder when o is divided by 13?
11
Let v = 68 - 56. What is the remainder when 42 is divided by v?
6
Let c(o) = 3*o - 15. Let d be c(9). Suppose -r = -d + 1. What is the remainder when 20 is divided by r?
9
Suppose 3*h + 1 = 16. Let k(p) = p**3 - 8*p**2 + 9*p. What is the remainder when k(7) is divided by h?
4
Suppose 6*x = 3*x + 165. Calculate the remainder when x is divided by 19.
17
Suppose -z + 5*j = -64, -j = z - 4*j - 70. Calculate the remainder when z is divided by 8.
7
Suppose -3*y = -5*y. Suppose y = 4*b - 2 - 18. Calculate the remainder when ((-6)/4 - -2)*16 is divided by b.
3
Suppose -2*g = -2*w - 32, 0 = 3*w - 10 - 5. Let u = 10 + g. Calculate the remainder when u is divided by 8.
7
Let f(i) = 5*i**2 + i - 1. Let z be f(-1). Suppose z = -0*q + q. What is the remainder when 11 is divided by q?
2
Let c(m) = m**3 + 8*m**2 + 5*m + 6. What is the remainder when c(-7) is divided by 7?
6
Let s(v) = -3*v + 8. Let q be s(4). Calculate the remainder when 11 is divided by 1*(q + -2)/(-3).
1
Let a be 10 + 3/((-9)/6). Suppose -4*m = -a - 32. Calculate the remainder when 29 is divided by m.
9
Suppose -6*q - 407 = -17*q. What is the remainder when q is divided by 16?
5
Suppose -2*s + 25 = p - 20, 0 = -5*p + 5*s + 225. Calculate the remainder when p is divided by 16.
13
Suppose -2*u + 5*y + 29 = 0, 0*u = 4*u - 5*y - 63. What is the remainder when 31 is divided by u?
14
Let l(m) = -m**3 + 10*m**2 + 4*m - 24. Suppose -4*b = -5*y + 147, -2*y - 2*b + 58 = -8. What is the remainder when y is divided by l(10)?
15
Suppose -9 - 19 = -4*i. Suppose -l + 2 = 0, -i = -2*f - 2*l + 23. Calculate the remainder when 24 is divided by f.
11
Let i(w) = -7*w**2 + 2*w - 1. Let v be i(1). What is the remainder when 43 is divided by 2 - 0 - (v - 7)?
13
Let y = 28 - 14. Suppose -a = 2*a + 5*i - 106, -3*i = -6. What is the remainder when a is divided by y + (5 + -2 - 6)?
10
Suppose 7 + 5 = 4*o. Let d = 12 - o. Let b = d + -6. What is the remainder when 4 is divided by b?
1
Suppose 18 = y + 2*y. Let p be (26/1)/(3/(-3)). Let v = 42 + p. Calculate the remainder when v is divided by y.
4
Let p(y) = -y**3 + 4*y**2 + 2. Let d be p(4). What is the remainder when d/3*30/2 is divided by ((-70)/28)/(5/(-12))?
4
Suppose -q = -2*k + 9, -4*q + q - 5*k + 28 = 0. Suppose 5 = p, 0 = w - p - 0*p + 7. Calculate the remainder when q*21/(-6)*w is divided by 4.
3
What is the remainder when 128 is divided by 1 + (-2)/8 + 169/4?
42
Let w = -127 - -179. What is the remainder when w is divided by 29?
23
Suppose p - 6*p - 15 = 0, 5*w - 206 = 2*p. Calculate the remainder when w is divided by 14.
12
Let l be 6/(-14) + (-780)/42. Let r = -2 - l. Calculate the remainder when 32 is divided by r.
15
Let v(u) = -u**2 - u + 9. Suppose c + 11 = -4*k, -2*c - 2*c - 8 = 4*k. Let q be 2 - c - (1 - 0). What is the remainder when 16 is divided by v(q)?
7
Suppose -2*t - 13 = -29. Calculate the remainder when t is divided by -1*9*2/(-6).
2
Let w = 4 + -7. Let b(q) = 4*q**2 + 4*q + 4. Let n be b(w). Let a = n + -18. What is the remainder when 29 is divided by a?
9
Suppose 4 = 4*x - 8*x, 4*x = 3*n - 58. Suppose 0 = 4*w - 9*w + 345. What is the remainder when w is divided by n?
15
What is the remainder when 96 + (-1 - -5) - -3 is divided by 13?
12
Let a(l) = -l + 14. Let p be a(0). Suppose p = 2*d - 10. Calculate the remainder when 23 is divided by d.
11
Let t(b) = -44*b + 6. Calculate the remainder when t(-3) is divided by 35.
33
Suppose -1 + 7 = -2*x. Calculate the remainder when 13 is divided by x + 2 + 7 + 1.
6
Let c = 53 + 19. Calculate the remainder when c is divided by 19.
15
Suppose -2 = -y + 32. Calculate the remainder when y is divided by 18.
16
Suppose 11 = 3*w - 3*u - 7, 0 = -4*w - u + 4. Suppose 0 = w*m + 2*d - 6 - 64, -3*m = 2*d - 100. What is the remainder when 87 is divided by m?
27
Let z be (-10)/(3 + (-11)/3). Suppose 0 = 4*m - z - 1. Suppose -20 = j - 3*j. Calculate the remainder when j is divided by m.
2
Suppose 27 = 2*p - 25. Let x(i) = i**2 + 2*i - 1. What is the remainder when p is divided by x(3)?
12
Let w(g) = g**3 - 10*g**2 + 1. Let q be w(10). Let l = -29 - -49. What is the remainder when q + (0 - -37) + 1 is divided by l?
19
Calculate the remainder when 70 is divided by 14/4*(-72)/(-21).
10
Let s be (-161)/(-49) - (-4)/(-14). Suppose 103 = u - 5*m, -u - 37 + 138 = -s*m. What is the remainder when u is divided by 25?
23
Suppose 116 = -0*l + 4*l. Let u = 16 - 6. Calculate the remainder when l is divided by u.
9
Suppose 20 = -4*h - 2*p, 1 + 11 = -3*p. Let i(s) = s**3 + 2*s - 2. What is the remainder when 1/(h/(-81)) + 2 is divided by i(2)?
9
Suppose -4*d + 63 = 15. Calculate the remainder when 22/55 - 42/5*-4 is divided by d.
10
Let c be 66/15 - (-4)/(-10). Suppose 0 = c*u - u - 69. Calculate the remainder when u is divided by (-2)/(18/(-8) + 2).
7
Let p = -26 - 14. Let k be 329/5 + 2/10. Let i = k + p. What is the remainder when i is divided by 9?
8
Let d be ((-40)/8)/(-2 + 1). Suppose k = 5*q - k - 128, k = d*q - 124. What is the remainder when q is divided by (-2 + 3)/(1/13)?
11
Suppose j + 3*j + 27 = 3*d, -3*d = -3*j - 27. Calculate the remainder when 17 is divided by d.
8
Suppose -54 = -4*z + z. What is the remainder when 53 is divided by z?
17
Let v = -94 + 101. What is the remainder when 101 is divided by v?
3
Let k(v) = -v**3 - 3*v**2 - 11*v - 1. Let m(q) = 3*q**3 + 10*q**2 + 32*q + 2. Let r(g) = -11*k(g) - 4*m(g). What is the remainder when 17 is divided by r(-6)?
8
